{"id":2084,"date":"2015-01-26T10:08:05","date_gmt":"2015-01-26T10:08:05","guid":{"rendered":"http:\/\/hallertau-gymnasium.de\/hgw14\/?page_id=2084"},"modified":"2024-12-12T10:05:47","modified_gmt":"2024-12-12T10:05:47","slug":"klassenelternsprecher","status":"publish","type":"page","link":"https:\/\/hgw.bayern\/?page_id=2084","title":{"rendered":"Klassenelternsprecher"},"content":{"rendered":"<h4>Klassenelternsprecher:<\/h4>\n<h5>Die Eltern jeder einzelnen Klasse (5.- 7. Klasse) w\u00e4hlen am Anfang jeden Schuljahres einen Klassenelternsprecher und dessen Stellvertreter. Die Wahl erfolgt f\u00fcr den Zeitraum eines Schuljahres. Aufgaben k\u00f6nnen sein:<\/h5>\n<ul>\n<li>Kommunikation zwischen Lehrern\/Direktorat\/Elternbeirat und der jeweiligen Klasse<\/li>\n<li>Ansprechpartner bei Problemen der Klasse und der Schule<\/li>\n<li>Kommunikation zwischen Elternbeirat und Klasseneltern<\/li>\n<li>Durchf\u00fchrung von Elternstammtischen<\/li>\n<li>Informationen und Kontakte des Elternbeirats<\/li>\n<\/ul>\n<h4>Liste der Klassenelternsprecher in den Jahrgangsstufen 5 mit 7 :<\/h4>\n<p>&nbsp;<\/p>\n","protected":false},"excerpt":{"rendered":"<p>Klassenelternsprecher: Die Eltern jeder einzelnen Klasse (5.- 7. Klasse) w\u00e4hlen am Anfang jeden Schuljahres einen Klassenelternsprecher und dessen Stellvertreter. Die Wahl erfolgt f\u00fcr den Zeitraum &hellip;<\/p>\n","protected":false},"author":2,"featured_media":0,"parent":154,"menu_order":0,"comment_status":"closed","ping_status":"closed","template":"","meta":{"footnotes":""},"class_list":["post-2084","page","type-page","status-publish","hentry"],"_links":{"self":[{"href":"https:\/\/hgw.bayern\/index.php?rest_route=\/wp\/v2\/pages\/2084","targetHints":{"allow":["GET"]}}],"collection":[{"href":"https:\/\/hgw.bayern\/index.php?rest_route=\/wp\/v2\/pages"}],"about":[{"href":"https:\/\/hgw.bayern\/index.php?rest_route=\/wp\/v2\/types\/page"}],"author":[{"embeddable":true,"href":"https:\/\/hgw.bayern\/index.php?rest_route=\/wp\/v2\/users\/2"}],"replies":[{"embeddable":true,"href":"https:\/\/hgw.bayern\/index.php?rest_route=%2Fwp%2Fv2%2Fcomments&post=2084"}],"version-history":[{"count":22,"href":"https:\/\/hgw.bayern\/index.php?rest_route=\/wp\/v2\/pages\/2084\/revisions"}],"predecessor-version":[{"id":18641,"href":"https:\/\/hgw.bayern\/index.php?rest_route=\/wp\/v2\/pages\/2084\/revisions\/18641"}],"up":[{"embeddable":true,"href":"https:\/\/hgw.bayern\/index.php?rest_route=\/wp\/v2\/pages\/154"}],"wp:attachment":[{"href":"https:\/\/hgw.bayern\/index.php?rest_route=%2Fwp%2Fv2%2Fmedia&parent=2084"}],"curies":[{"name":"wp","href":"https:\/\/api.w.org\/{rel}","templated":true}]}}