{"id":243,"date":"2014-07-16T13:55:29","date_gmt":"2014-07-16T13:55:29","guid":{"rendered":"http:\/\/hallertau-gymnasium.de\/hgw14\/?page_id=243"},"modified":"2025-09-23T13:34:39","modified_gmt":"2025-09-23T13:34:39","slug":"kollegium","status":"publish","type":"page","link":"https:\/\/hgw.bayern\/?page_id=243","title":{"rendered":"Kollegium"},"content":{"rendered":"<p>Das Lehrerkollegium im Schuljahr 2025\/2026<\/p>\n<p><a href=\"https:\/\/hgw.bayern\/wp-content\/uploads\/2025\/09\/2025Lehrer2sm.jpg\"><img loading=\"lazy\" decoding=\"async\" class=\"alignnone size-large wp-image-19498\" src=\"https:\/\/hgw.bayern\/wp-content\/uploads\/2025\/09\/2025Lehrer2sm-1024x570.jpg\" alt=\"\" width=\"660\" height=\"367\" srcset=\"https:\/\/hgw.bayern\/wp-content\/uploads\/2025\/09\/2025Lehrer2sm-1024x570.jpg 1024w, https:\/\/hgw.bayern\/wp-content\/uploads\/2025\/09\/2025Lehrer2sm-300x167.jpg 300w, https:\/\/hgw.bayern\/wp-content\/uploads\/2025\/09\/2025Lehrer2sm-768x428.jpg 768w, https:\/\/hgw.bayern\/wp-content\/uploads\/2025\/09\/2025Lehrer2sm-1536x855.jpg 1536w, https:\/\/hgw.bayern\/wp-content\/uploads\/2025\/09\/2025Lehrer2sm.jpg 1602w\" sizes=\"auto, (max-width: 660px) 100vw, 660px\" \/><\/a><\/p>\n<p>Alle Lehrerinnen und Lehrer des Hallertau-Gymnasiums sind unter ihrer Dienst-Email zu erreichen:<\/p>\n<h3>vorname.nachname@hgw.bayern<\/h3>\n<p><strong>Wer ist wof\u00fcr zust\u00e4ndig?<\/strong><\/p>\n<p>Hier eine \u00dcbersicht wesentlicher Zust\u00e4ndigkeiten im Kollegium des HGW f\u00fcr verschiedenste Themen und Aufgaben:<\/p>\n<p><a href=\"https:\/\/hgw.bayern\/wp-content\/uploads\/2024\/12\/Wer-ist-wofuer-zustaendig-05_12_24.pdf\">Wer ist wof\u00fcr zust\u00e4ndig 05_12_24<\/a><\/p>\n<p><a href=\"http:\/\/www.km.bayern.de\/buerokratieabbau\"><span id=\"page138R_mcid31\" class=\"markedContent\"><span dir=\"ltr\" aria-owns=\"pdfjs_internal_id_133R\">www.km.bayern.de\/buerokratieabbau<\/span><\/span><\/a><\/p>\n","protected":false},"excerpt":{"rendered":"<p>Das Lehrerkollegium im Schuljahr 2025\/2026 Alle Lehrerinnen und Lehrer des Hallertau-Gymnasiums sind unter ihrer Dienst-Email zu erreichen: vorname.nachname@hgw.bayern Wer ist wof\u00fcr zust\u00e4ndig? Hier eine \u00dcbersicht &hellip;<\/p>\n","protected":false},"author":2,"featured_media":0,"parent":128,"menu_order":0,"comment_status":"closed","ping_status":"closed","template":"","meta":{"footnotes":""},"class_list":["post-243","page","type-page","status-publish","hentry"],"_links":{"self":[{"href":"https:\/\/hgw.bayern\/index.php?rest_route=\/wp\/v2\/pages\/243","targetHints":{"allow":["GET"]}}],"collection":[{"href":"https:\/\/hgw.bayern\/index.php?rest_route=\/wp\/v2\/pages"}],"about":[{"href":"https:\/\/hgw.bayern\/index.php?rest_route=\/wp\/v2\/types\/page"}],"author":[{"embeddable":true,"href":"https:\/\/hgw.bayern\/index.php?rest_route=\/wp\/v2\/users\/2"}],"replies":[{"embeddable":true,"href":"https:\/\/hgw.bayern\/index.php?rest_route=%2Fwp%2Fv2%2Fcomments&post=243"}],"version-history":[{"count":21,"href":"https:\/\/hgw.bayern\/index.php?rest_route=\/wp\/v2\/pages\/243\/revisions"}],"predecessor-version":[{"id":19499,"href":"https:\/\/hgw.bayern\/index.php?rest_route=\/wp\/v2\/pages\/243\/revisions\/19499"}],"up":[{"embeddable":true,"href":"https:\/\/hgw.bayern\/index.php?rest_route=\/wp\/v2\/pages\/128"}],"wp:attachment":[{"href":"https:\/\/hgw.bayern\/index.php?rest_route=%2Fwp%2Fv2%2Fmedia&parent=243"}],"curies":[{"name":"wp","href":"https:\/\/api.w.org\/{rel}","templated":true}]}}