{"id":44,"date":"2014-07-08T16:48:56","date_gmt":"2014-07-08T16:48:56","guid":{"rendered":"http:\/\/hallertau-gymnasium.de\/hgw14\/?page_id=44"},"modified":"2024-09-20T09:17:26","modified_gmt":"2024-09-20T09:17:26","slug":"musik","status":"publish","type":"page","link":"https:\/\/hgw.bayern\/?page_id=44","title":{"rendered":"Musik"},"content":{"rendered":"<h3>\nDerzeit werden im Sekretariat die Anmeldungen f\u00fcr die Wahlkurse bearbeitet.<br \/>\nDie M\u00e4dchen und Buben unserer sechs f\u00fcnften Klassen konnten diese Woche noch einen Eindruck aus den Wahlkursen Violine, Cello und Kontrabass gewinnen. Frau Bonk, unsere Geigenlehrerin hat die Familie der Streichinstrumente vorgestellt und im Anschluss daran durften die Kinder die Instrumente auch ausprobieren. Wir hoffen in den n\u00e4chsten Jahren somit auf regen Zuwachs im Schulorchester.<\/h3>\n<p><a href=\"https:\/\/hgw.bayern\/wp-content\/uploads\/2024\/09\/20240917_125736.jpg\"><img loading=\"lazy\" decoding=\"async\" class=\"alignnone size-large wp-image-18479\" src=\"https:\/\/hgw.bayern\/wp-content\/uploads\/2024\/09\/20240917_125736-957x1024.jpg\" alt=\"\" width=\"660\" height=\"706\" srcset=\"https:\/\/hgw.bayern\/wp-content\/uploads\/2024\/09\/20240917_125736-957x1024.jpg 957w, https:\/\/hgw.bayern\/wp-content\/uploads\/2024\/09\/20240917_125736-280x300.jpg 280w, https:\/\/hgw.bayern\/wp-content\/uploads\/2024\/09\/20240917_125736-768x821.jpg 768w, https:\/\/hgw.bayern\/wp-content\/uploads\/2024\/09\/20240917_125736-1436x1536.jpg 1436w, https:\/\/hgw.bayern\/wp-content\/uploads\/2024\/09\/20240917_125736.jpg 1838w\" sizes=\"auto, (max-width: 660px) 100vw, 660px\" \/><\/a><\/p>\n<h3><\/h3>\n<h3>Musik &#8211; Achtung Grundwissen aktualisiert:<\/h3>\n<h3><a href=\"http:\/\/hallertau-gymnasium.de\/hgw14\/wp-content\/uploads\/2014\/07\/Grundwissen_homepage_hgw.pdf\">Grundwissen_homepage_hgw<\/a><\/h3>\n<p style=\"padding-left: 30px;\">Musik vereint kognitive und emotionale Aspekte, ist quasi allgegenw\u00e4rtig in unserer Lebenswirklichkeit und beeinflusst unser Denken und F\u00fchlen sowohl bewusst als auch unterbewusst:<\/p>\n<p style=\"padding-left: 30px;\">Mit der richtigen Musik verkaufen sich Autos und Schokolade besser, werden Patienten ruhiger, zeigen Jugendliche ihre Zugeh\u00f6rigkeit zu einer Subkultur, Musik schafft Zusammengeh\u00f6rigkeit und eignet sich hervorragend zu Repr\u00e4sentationszwecken, Musik ist Ausdruck einer K\u00fcnstlerseele, kann zur \u201eDroge\u201c werden und wird und wurde als \u201eTransportmittel\u201c f\u00fcr politische Aussagen eingesetzt&#8230;.<\/p>\n<p style=\"padding-left: 30px;\">Eine fast unendliche Bandbreite an Funktionen erf\u00fcllen Kl\u00e4nge, die uns umgeben!<\/p>\n<p style=\"padding-left: 30px;\">Wer selbst musiziert, nimmt teil an einer ganz speziellen Kommunikation in der Gemeinschaft und lernt sich in ein gro\u00dfes Ganzes einzuf\u00fcgen, seine F\u00e4higkeiten einzubringen und auszubauen.<\/p>\n<p style=\"padding-left: 30px;\">Deshalb pr\u00e4gen diese drei elementare S\u00e4ulen den Musikunterricht am HGW:\u00a0\u00a0\u00a0\u00a0\u00a0\u00a0\u00a0\u00a0\u00a0\u00a0\u00a0\u00a0\u00a0\u00a0\u00a0\u00a0\u00a0\u00a0\u00a0 <strong>Musik machen\u00a0\u00a0\u00a0\u00a0\u00a0\u00a0\u00a0\u00a0\u00a0 &#8211;\u00a0\u00a0\u00a0\u00a0\u00a0\u00a0\u00a0\u00a0\u00a0\u00a0 Musik erleben\u00a0\u00a0\u00a0\u00a0\u00a0\u00a0\u00a0\u00a0\u00a0\u00a0\u00a0\u00a0\u00a0\u00a0\u00a0\u00a0\u00a0\u00a0\u00a0\u00a0\u00a0\u00a0 &#8211;\u00a0\u00a0\u00a0\u00a0\u00a0\u00a0\u00a0\u00a0\u00a0\u00a0 Musik erforschen<\/strong><\/p>\n<h3><em>Musik machen<br \/>\n<\/em><\/h3>\n<p style=\"padding-left: 30px;\"><a href=\"http:\/\/hallertau-gymnasium.de\/hgw14\/wp-content\/uploads\/2014\/07\/036-Gro\u00df.jpg\"><img loading=\"lazy\" decoding=\"async\" class=\"alignleft size-medium wp-image-1654\" src=\"http:\/\/hallertau-gymnasium.de\/hgw14\/wp-content\/uploads\/2014\/07\/036-Gro\u00df-200x300.jpg\" alt=\"036 (Gro\u00df)\" width=\"200\" height=\"300\" srcset=\"https:\/\/hgw.bayern\/wp-content\/uploads\/2014\/07\/036-Gro\u00df-200x300.jpg 200w, https:\/\/hgw.bayern\/wp-content\/uploads\/2014\/07\/036-Gro\u00df-682x1024.jpg 682w, https:\/\/hgw.bayern\/wp-content\/uploads\/2014\/07\/036-Gro\u00df.jpg 720w\" sizes=\"auto, (max-width: 200px) 100vw, 200px\" \/><\/a>Seit der Einf\u00fchrung von <strong>Bl\u00e4serklassen (\u00a0<a href=\"http:\/\/hallertau-gymnasium.de\/hgw14\/wp-content\/uploads\/2014\/07\/Blaeserklasse_Flyer_2017.pdf\">Blaeserklasse_Flyer<\/a> )<\/strong> in den Stufen 5 und 6 kann es jeder h\u00f6ren und sehen: hier r\u00fchrt sich was! Posaunen, Trompeten und Klarinetten musizieren von Anfang an gemeinsam und mit der Zeit (und ein bisschen h\u00e4uslichem Flei\u00df!) entsteht eine Klassenkapelle, die sich h\u00f6ren lassen kann!<\/p>\n<p style=\"padding-left: 30px;\">Im \u201eregul\u00e4ren\u201c zweist\u00fcndigen Klassenunterricht der Unterstufe nimmt das <strong>Singen in der Gemeinschaf<\/strong>t eine zentrale Rolle ein. Immer wieder werden auch <strong>leicht zug\u00e4ngliche Musikinstrumente<\/strong> zur Liedbegleitung herangezogen.<\/p>\n<p style=\"padding-left: 30px;\">In den Jahrgangsstufen 8 bis 10 wird Musik zwar einst\u00fcndig unterrichtet, aber auch hier bleiben <strong>praktische Erfahrungen<\/strong> der Jugendlichen am Instrument nicht unber\u00fccksichtigt, z.B. darf sich jeder einmal am E-Bass versuchen&#8230;<\/p>\n<p style=\"padding-left: 30px;\">Erlerne ein <strong>Streichinstrumen<\/strong>t, bereichere die <strong>Fl\u00f6tengrupp<\/strong>e, singe im <strong>Chor, <\/strong>spiele in <strong>Big<\/strong> <strong>Band<\/strong> oder <strong>Orchester<\/strong>, die M\u00f6glichkeiten der <strong>Musik-Wahlkurse<\/strong> sind vielf\u00e4ltig!<\/p>\n<p style=\"padding-left: 30px;\">Die Mitwirkung bei <strong>Schulkonzerten <\/strong>oder <strong>Musical-Auff\u00fchrungen<\/strong> sind sicher Highlights einer Schulzeit, sowohl f\u00fcr die Musikerinnen und Musiker, als auch f\u00fcr deren Eltern und Freunde.<\/p>\n<h3><em>Musik erleben<\/em><\/h3>\n<p style=\"padding-left: 30px;\">Ein immer wieder gerne gesehener Gast in Wolnzach ist das <strong>Musiktheater animato<\/strong> aus Wien . Zwei ausgebildete Opernprofis kommen mit einem Koffer voller Kost\u00fcme und B\u00fchnenbilder in unsere Aula und verwandeln sie mit tat- und stimmkr\u00e4ftiger Unterst\u00fctzung der Sch\u00fclerinnen und Sch\u00fcler in eine Opernarena: <em>Der fliegende Holl\u00e4nder, Der Freisch\u00fctz, Die Hochzeit des Figaro, <\/em>all diese gro\u00dfen Werke wurden schon aufgef\u00fchrt!<\/p>\n<p style=\"padding-left: 30px;\"><strong>Exkursionen<\/strong> zu <strong>Theater- und Konzertauff\u00fchrungen<\/strong> bilden regelm\u00e4\u00dfig eine reizvolle Bereicherung des Unterrichtsgeschehens.<\/p>\n<h3><em>Musik erforschen<\/em><\/h3>\n<p style=\"padding-left: 30px;\">Das Erlernen gewisser <strong>musikalischer Grundlagen<\/strong> und <strong>Strukturen<\/strong> ist unabdingbare Voraussetzung f\u00fcr eine gewinnbringende und erf\u00fcllende Auseinandersetzung mit Musik unterschiedlichster Stilrichtungen.<\/p>\n<p style=\"padding-left: 30px;\">Die Jugendlichen erlangen bei der <strong>Betrachtung einzelner Werke<\/strong> ein tieferes Verst\u00e4ndnis musikgeschichtliche Zusammenh\u00e4nge und <strong>typischer Gestaltungsmittel<\/strong>.<\/p>\n<p style=\"padding-left: 30px;\">Wie der Fachlehrplan der gymnasialen Oberstufe unterstreicht, soll der Musikunterricht der Q11 und Q12 die \u00e4sthetische Urteilsf\u00e4higkeit f\u00f6rdern und so sind die breit angelegten Themenfelder gr\u00f6\u00dftenteils f\u00e4cher\u00fcbergreifend konzipiert.<\/p>\n<p style=\"padding-left: 30px;\">Sch\u00fclerinnen und Sch\u00fcler mit besonderer musikalischer Eignung haben die Chance ihre instrumentalen F\u00e4higkeiten im Rahmen des Musik-Additums einzubringen und eine praktische und schriftliche Abiturpr\u00fcfung abzulegen. Durch die Belegung zus\u00e4tzlicher Oberstufenkurse, wie Vokalensemble oder Instrumentalensemble, kann jeder Oberstufensch\u00fcler mit musischer Neigung seine individuellen Schwerpunkte setzen.<\/p>\n<p style=\"padding-left: 30px;\"><a href=\"http:\/\/hallertau-gymnasium.de\/hgw14\/wp-content\/uploads\/2014\/07\/020-Gro\u00df.jpg\"><img loading=\"lazy\" decoding=\"async\" class=\"alignleft wp-image-1659 size-thumbnail\" src=\"http:\/\/hallertau-gymnasium.de\/hgw14\/wp-content\/uploads\/2014\/07\/020-Gro\u00df-150x150.jpg\" alt=\"020 (Gro\u00df)\" width=\"150\" height=\"150\" srcset=\"https:\/\/hgw.bayern\/wp-content\/uploads\/2014\/07\/020-Gro\u00df-150x150.jpg 150w, https:\/\/hgw.bayern\/wp-content\/uploads\/2014\/07\/020-Gro\u00df-109x109.jpg 109w, https:\/\/hgw.bayern\/wp-content\/uploads\/2014\/07\/020-Gro\u00df-100x100.jpg 100w, https:\/\/hgw.bayern\/wp-content\/uploads\/2014\/07\/020-Gro\u00df-144x144.jpg 144w\" sizes=\"auto, (max-width: 150px) 100vw, 150px\" \/><\/a><a href=\"http:\/\/hallertau-gymnasium.de\/hgw14\/wp-content\/uploads\/2014\/07\/011-Gro\u00df.jpg\"><img loading=\"lazy\" decoding=\"async\" class=\"alignleft wp-image-1664 size-thumbnail\" src=\"http:\/\/hallertau-gymnasium.de\/hgw14\/wp-content\/uploads\/2014\/07\/011-Gro\u00df-150x150.jpg\" alt=\"011 (Gro\u00df)\" width=\"150\" height=\"150\" srcset=\"https:\/\/hgw.bayern\/wp-content\/uploads\/2014\/07\/011-Gro\u00df-150x150.jpg 150w, https:\/\/hgw.bayern\/wp-content\/uploads\/2014\/07\/011-Gro\u00df-109x109.jpg 109w, https:\/\/hgw.bayern\/wp-content\/uploads\/2014\/07\/011-Gro\u00df-100x100.jpg 100w, https:\/\/hgw.bayern\/wp-content\/uploads\/2014\/07\/011-Gro\u00df-144x144.jpg 144w\" sizes=\"auto, (max-width: 150px) 100vw, 150px\" \/><\/a><a href=\"http:\/\/hallertau-gymnasium.de\/hgw14\/wp-content\/uploads\/2014\/07\/016-Gro\u00df.jpg\"><img loading=\"lazy\" decoding=\"async\" class=\"alignleft wp-image-1665 size-thumbnail\" src=\"http:\/\/hallertau-gymnasium.de\/hgw14\/wp-content\/uploads\/2014\/07\/016-Gro\u00df-150x150.jpg\" alt=\"016 (Gro\u00df)\" width=\"150\" height=\"150\" srcset=\"https:\/\/hgw.bayern\/wp-content\/uploads\/2014\/07\/016-Gro\u00df-150x150.jpg 150w, https:\/\/hgw.bayern\/wp-content\/uploads\/2014\/07\/016-Gro\u00df-109x109.jpg 109w, https:\/\/hgw.bayern\/wp-content\/uploads\/2014\/07\/016-Gro\u00df-100x100.jpg 100w, https:\/\/hgw.bayern\/wp-content\/uploads\/2014\/07\/016-Gro\u00df-144x144.jpg 144w\" sizes=\"auto, (max-width: 150px) 100vw, 150px\" \/><\/a><\/p>\n<p>&nbsp;<\/p>\n<p>&nbsp;<\/p>\n<p>&nbsp;<\/p>\n<h3><\/h3>\n<h3>Dreiklang, Tonarten, Notation, Rhythmus oder Pausenwerte?!? Orientierung schafft das <a href=\"http:\/\/hallertau-gymnasium.de\/hgw14\/wp-content\/uploads\/2014\/07\/Grundwissen_homepage.pdf\">Grundwissen_homepage<\/a><\/h3>\n<p>&nbsp;<\/p>\n<p>Fotos: Felix Widhopf<\/p>\n","protected":false},"excerpt":{"rendered":"<p>Derzeit werden im Sekretariat die Anmeldungen f\u00fcr die Wahlkurse bearbeitet. Die M\u00e4dchen und Buben unserer sechs f\u00fcnften Klassen konnten diese Woche noch einen Eindruck aus &hellip;<\/p>\n","protected":false},"author":1,"featured_media":0,"parent":27,"menu_order":0,"comment_status":"open","ping_status":"open","template":"","meta":{"footnotes":""},"class_list":["post-44","page","type-page","status-publish","hentry"],"_links":{"self":[{"href":"https:\/\/hgw.bayern\/index.php?rest_route=\/wp\/v2\/pages\/44","targetHints":{"allow":["GET"]}}],"collection":[{"href":"https:\/\/hgw.bayern\/index.php?rest_route=\/wp\/v2\/pages"}],"about":[{"href":"https:\/\/hgw.bayern\/index.php?rest_route=\/wp\/v2\/types\/page"}],"author":[{"embeddable":true,"href":"https:\/\/hgw.bayern\/index.php?rest_route=\/wp\/v2\/users\/1"}],"replies":[{"embeddable":true,"href":"https:\/\/hgw.bayern\/index.php?rest_route=%2Fwp%2Fv2%2Fcomments&post=44"}],"version-history":[{"count":28,"href":"https:\/\/hgw.bayern\/index.php?rest_route=\/wp\/v2\/pages\/44\/revisions"}],"predecessor-version":[{"id":18480,"href":"https:\/\/hgw.bayern\/index.php?rest_route=\/wp\/v2\/pages\/44\/revisions\/18480"}],"up":[{"embeddable":true,"href":"https:\/\/hgw.bayern\/index.php?rest_route=\/wp\/v2\/pages\/27"}],"wp:attachment":[{"href":"https:\/\/hgw.bayern\/index.php?rest_route=%2Fwp%2Fv2%2Fmedia&parent=44"}],"curies":[{"name":"wp","href":"https:\/\/api.w.org\/{rel}","templated":true}]}}

<h3>
Derzeit werden im Sekretariat die Anmeldungen für die Wahlkurse bearbeitet.<br />
Die Mädchen und Buben unserer sechs fünften Klassen konnten diese Woche noch einen Eindruck aus den Wahlkursen Violine, Cello und Kontrabass gewinnen. Frau Bonk, unsere Geigenlehrerin hat die Familie der Streichinstrumente vorgestellt und im Anschluss daran durften die Kinder die Instrumente auch ausprobieren. Wir hoffen in den nächsten Jahren somit auf regen Zuwachs im Schulorchester.</h3>
<p><a href="https://hgw.bayern/wp-content/uploads/2024/09/20240917_125736.jpg"><img loading="lazy" decoding="async" class="alignnone size-large wp-image-18479" src="https://hgw.bayern/wp-content/uploads/2024/09/20240917_125736-957x1024.jpg" alt="" width="660" height="706" srcset="https://hgw.bayern/wp-content/uploads/2024/09/20240917_125736-957x1024.jpg 957w, https://hgw.bayern/wp-content/uploads/2024/09/20240917_125736-280x300.jpg 280w, https://hgw.bayern/wp-content/uploads/2024/09/20240917_125736-768x821.jpg 768w, https://hgw.bayern/wp-content/uploads/2024/09/20240917_125736-1436x1536.jpg 1436w, https://hgw.bayern/wp-content/uploads/2024/09/20240917_125736.jpg 1838w" sizes="auto, (max-width: 660px) 100vw, 660px" /></a></p>
<h3></h3>
<h3>Musik &#8211; Achtung Grundwissen aktualisiert:</h3>
<h3><a href="http://hallertau-gymnasium.de/hgw14/wp-content/uploads/2014/07/Grundwissen_homepage_hgw.pdf">Grundwissen_homepage_hgw</a></h3>
<p style="padding-left: 30px;">Musik vereint kognitive und emotionale Aspekte, ist quasi allgegenwärtig in unserer Lebenswirklichkeit und beeinflusst unser Denken und Fühlen sowohl bewusst als auch unterbewusst:</p>
<p style="padding-left: 30px;">Mit der richtigen Musik verkaufen sich Autos und Schokolade besser, werden Patienten ruhiger, zeigen Jugendliche ihre Zugehörigkeit zu einer Subkultur, Musik schafft Zusammengehörigkeit und eignet sich hervorragend zu Repräsentationszwecken, Musik ist Ausdruck einer Künstlerseele, kann zur „Droge“ werden und wird und wurde als „Transportmittel“ für politische Aussagen eingesetzt&#8230;.</p>
<p style="padding-left: 30px;">Eine fast unendliche Bandbreite an Funktionen erfüllen Klänge, die uns umgeben!</p>
<p style="padding-left: 30px;">Wer selbst musiziert, nimmt teil an einer ganz speziellen Kommunikation in der Gemeinschaft und lernt sich in ein großes Ganzes einzufügen, seine Fähigkeiten einzubringen und auszubauen.</p>
<p style="padding-left: 30px;">Deshalb prägen diese drei elementare Säulen den Musikunterricht am HGW:                    <strong>Musik machen          &#8211;           Musik erleben                       &#8211;           Musik erforschen</strong></p>
<h3><em>Musik machen<br />
</em></h3>
<p style="padding-left: 30px;"><a href="http://hallertau-gymnasium.de/hgw14/wp-content/uploads/2014/07/036-Groß.jpg"><img loading="lazy" decoding="async" class="alignleft size-medium wp-image-1654" src="http://hallertau-gymnasium.de/hgw14/wp-content/uploads/2014/07/036-Groß-200x300.jpg" alt="036 (Groß)" width="200" height="300" srcset="https://hgw.bayern/wp-content/uploads/2014/07/036-Groß-200x300.jpg 200w, https://hgw.bayern/wp-content/uploads/2014/07/036-Groß-682x1024.jpg 682w, https://hgw.bayern/wp-content/uploads/2014/07/036-Groß.jpg 720w" sizes="auto, (max-width: 200px) 100vw, 200px" /></a>Seit der Einführung von <strong>Bläserklassen ( <a href="http://hallertau-gymnasium.de/hgw14/wp-content/uploads/2014/07/Blaeserklasse_Flyer_2017.pdf">Blaeserklasse_Flyer</a> )</strong> in den Stufen 5 und 6 kann es jeder hören und sehen: hier rührt sich was! Posaunen, Trompeten und Klarinetten musizieren von Anfang an gemeinsam und mit der Zeit (und ein bisschen häuslichem Fleiß!) entsteht eine Klassenkapelle, die sich hören lassen kann!</p>
<p style="padding-left: 30px;">Im „regulären“ zweistündigen Klassenunterricht der Unterstufe nimmt das <strong>Singen in der Gemeinschaf</strong>t eine zentrale Rolle ein. Immer wieder werden auch <strong>leicht zugängliche Musikinstrumente</strong> zur Liedbegleitung herangezogen.</p>
<p style="padding-left: 30px;">In den Jahrgangsstufen 8 bis 10 wird Musik zwar einstündig unterrichtet, aber auch hier bleiben <strong>praktische Erfahrungen</strong> der Jugendlichen am Instrument nicht unberücksichtigt, z.B. darf sich jeder einmal am E-Bass versuchen&#8230;</p>
<p style="padding-left: 30px;">Erlerne ein <strong>Streichinstrumen</strong>t, bereichere die <strong>Flötengrupp</strong>e, singe im <strong>Chor, </strong>spiele in <strong>Big</strong> <strong>Band</strong> oder <strong>Orchester</strong>, die Möglichkeiten der <strong>Musik-Wahlkurse</strong> sind vielfältig!</p>
<p style="padding-left: 30px;">Die Mitwirkung bei <strong>Schulkonzerten </strong>oder <strong>Musical-Aufführungen</strong> sind sicher Highlights einer Schulzeit, sowohl für die Musikerinnen und Musiker, als auch für deren Eltern und Freunde.</p>
<h3><em>Musik erleben</em></h3>
<p style="padding-left: 30px;">Ein immer wieder gerne gesehener Gast in Wolnzach ist das <strong>Musiktheater animato</strong> aus Wien . Zwei ausgebildete Opernprofis kommen mit einem Koffer voller Kostüme und Bühnenbilder in unsere Aula und verwandeln sie mit tat- und stimmkräftiger Unterstützung der Schülerinnen und Schüler in eine Opernarena: <em>Der fliegende Holländer, Der Freischütz, Die Hochzeit des Figaro, </em>all diese großen Werke wurden schon aufgeführt!</p>
<p style="padding-left: 30px;"><strong>Exkursionen</strong> zu <strong>Theater- und Konzertaufführungen</strong> bilden regelmäßig eine reizvolle Bereicherung des Unterrichtsgeschehens.</p>
<h3><em>Musik erforschen</em></h3>
<p style="padding-left: 30px;">Das Erlernen gewisser <strong>musikalischer Grundlagen</strong> und <strong>Strukturen</strong> ist unabdingbare Voraussetzung für eine gewinnbringende und erfüllende Auseinandersetzung mit Musik unterschiedlichster Stilrichtungen.</p>
<p style="padding-left: 30px;">Die Jugendlichen erlangen bei der <strong>Betrachtung einzelner Werke</strong> ein tieferes Verständnis musikgeschichtliche Zusammenhänge und <strong>typischer Gestaltungsmittel</strong>.</p>
<p style="padding-left: 30px;">Wie der Fachlehrplan der gymnasialen Oberstufe unterstreicht, soll der Musikunterricht der Q11 und Q12 die ästhetische Urteilsfähigkeit fördern und so sind die breit angelegten Themenfelder größtenteils fächerübergreifend konzipiert.</p>
<p style="padding-left: 30px;">Schülerinnen und Schüler mit besonderer musikalischer Eignung haben die Chance ihre instrumentalen Fähigkeiten im Rahmen des Musik-Additums einzubringen und eine praktische und schriftliche Abiturprüfung abzulegen. Durch die Belegung zusätzlicher Oberstufenkurse, wie Vokalensemble oder Instrumentalensemble, kann jeder Oberstufenschüler mit musischer Neigung seine individuellen Schwerpunkte setzen.</p>
<p style="padding-left: 30px;"><a href="http://hallertau-gymnasium.de/hgw14/wp-content/uploads/2014/07/020-Groß.jpg"><img loading="lazy" decoding="async" class="alignleft wp-image-1659 size-thumbnail" src="http://hallertau-gymnasium.de/hgw14/wp-content/uploads/2014/07/020-Groß-150x150.jpg" alt="020 (Groß)" width="150" height="150" srcset="https://hgw.bayern/wp-content/uploads/2014/07/020-Groß-150x150.jpg 150w, https://hgw.bayern/wp-content/uploads/2014/07/020-Groß-109x109.jpg 109w, https://hgw.bayern/wp-content/uploads/2014/07/020-Groß-100x100.jpg 100w, https://hgw.bayern/wp-content/uploads/2014/07/020-Groß-144x144.jpg 144w" sizes="auto, (max-width: 150px) 100vw, 150px" /></a><a href="http://hallertau-gymnasium.de/hgw14/wp-content/uploads/2014/07/011-Groß.jpg"><img loading="lazy" decoding="async" class="alignleft wp-image-1664 size-thumbnail" src="http://hallertau-gymnasium.de/hgw14/wp-content/uploads/2014/07/011-Groß-150x150.jpg" alt="011 (Groß)" width="150" height="150" srcset="https://hgw.bayern/wp-content/uploads/2014/07/011-Groß-150x150.jpg 150w, https://hgw.bayern/wp-content/uploads/2014/07/011-Groß-109x109.jpg 109w, https://hgw.bayern/wp-content/uploads/2014/07/011-Groß-100x100.jpg 100w, https://hgw.bayern/wp-content/uploads/2014/07/011-Groß-144x144.jpg 144w" sizes="auto, (max-width: 150px) 100vw, 150px" /></a><a href="http://hallertau-gymnasium.de/hgw14/wp-content/uploads/2014/07/016-Groß.jpg"><img loading="lazy" decoding="async" class="alignleft wp-image-1665 size-thumbnail" src="http://hallertau-gymnasium.de/hgw14/wp-content/uploads/2014/07/016-Groß-150x150.jpg" alt="016 (Groß)" width="150" height="150" srcset="https://hgw.bayern/wp-content/uploads/2014/07/016-Groß-150x150.jpg 150w, https://hgw.bayern/wp-content/uploads/2014/07/016-Groß-109x109.jpg 109w, https://hgw.bayern/wp-content/uploads/2014/07/016-Groß-100x100.jpg 100w, https://hgw.bayern/wp-content/uploads/2014/07/016-Groß-144x144.jpg 144w" sizes="auto, (max-width: 150px) 100vw, 150px" /></a></p>
<p>&nbsp;</p>
<p>&nbsp;</p>
<p>&nbsp;</p>
<h3></h3>
<h3>Dreiklang, Tonarten, Notation, Rhythmus oder Pausenwerte?!? Orientierung schafft das <a href="http://hallertau-gymnasium.de/hgw14/wp-content/uploads/2014/07/Grundwissen_homepage.pdf">Grundwissen_homepage</a></h3>
<p>&nbsp;</p>
<p>Fotos: Felix Widhopf</p>

<p>Derzeit werden im Sekretariat die Anmeldungen für die Wahlkurse bearbeitet. Die Mädchen und Buben unserer sechs fünften Klassen konnten diese Woche noch einen Eindruck aus &hellip;</p>
