{"id":59,"date":"2014-07-08T16:51:26","date_gmt":"2014-07-08T16:51:26","guid":{"rendered":"http:\/\/hallertau-gymnasium.de\/hgw14\/?page_id=59"},"modified":"2021-02-28T16:45:33","modified_gmt":"2021-02-28T16:45:33","slug":"physik","status":"publish","type":"page","link":"https:\/\/hgw.bayern\/?page_id=59","title":{"rendered":"Physik"},"content":{"rendered":"<h2>Was ist Physik?<\/h2>\n<p><em>\u201ePhysik untersucht die grundlegenden Ph\u00e4nomene in der Natur.\u201c <\/em>Die Fachschaft Physik legt daher gro\u00dfen Wert auf praxisnahen Unterricht und versucht diesen mit vielen Experimenten zu veranschaulichen. Auch die Profilstunden werden mit Blick auf alltagsbezogene Versuche gestaltet, die die Sch\u00fclerinnen und Sch\u00fcler selbst aufbauen und auswerten.<\/p>\n<p>In der 7. Jahrgangsstufe werden die Kinder noch \u201espielerisch\u201c an die Physik herangef\u00fchrt: Sie lernen Ph\u00e4nomene in der Natur zu beobachten, zu beschreiben und letztendlich auch zu erkl\u00e4ren. &#8218;In dieser Jahrgangsstufe erhalten die Sch\u00fclerinnen und Sch\u00fcler Einblick in optische und elektrische Ph\u00e4nomene und d\u00fcrfen dabei viele Versuche selbst durchf\u00fchren.<\/p>\n<p>In den Jahrgangsstufen 8 bis 10 finden Projekte, in denen die Sch\u00fcler selber experimentieren oder etwas bauen, haupts\u00e4chlich in den Profilstunden des Naturwissenschaftlich-Technologischen Gymnasiums (NTG) statt. Einige seien hier exemplarisch genannt:<\/p>\n<ul>\n<li>Selbstbau von kleinen Elektromotoren \u2013 so versteht man dessen Funktionsweise am besten.<\/li>\n<li>Bau eines kleinen Spektrometers \u2013 mit dessen Hilfe kann man das Sonnenlicht in seine einzelnen Farben zerlegen.<\/li>\n<li>Bau einer Wasserrakete \u2013 ein Experiment, das Sch\u00fcler lieben.<\/li>\n<\/ul>\n<p>Erfreulicherweise gibt es in der Q11 und Q12 jedes Jahr mehrere Physikkurse. In den vergangenen Jahren konnten zudem mehrfach W-Seminare mit Physik als Leitfach angeboten werden, darunter \u201ePhysik und Medizin\u201c, \u201eEntwicklung der Atommodelle\u201c, \u201eAstrophysik\u201c und \u201ePhysik mit dem Mikrocontroller\u201c.<\/p>\n<h3><\/h3>\n<h3>Video<br \/>\nSchuljahr 2014\/15: Versuche zur W\u00e4rmelehre<\/h3>\n<p><iframe loading=\"lazy\" src=\"https:\/\/www.youtube.com\/embed\/cITgqUKKpVk?rel=0\" width=\"420\" height=\"315\" frameborder=\"0\" allowfullscreen=\"allowfullscreen\"><\/iframe><\/p>\n","protected":false},"excerpt":{"rendered":"<p>Was ist Physik? \u201ePhysik untersucht die grundlegenden Ph\u00e4nomene in der Natur.\u201c Die Fachschaft Physik legt daher gro\u00dfen Wert auf praxisnahen Unterricht und versucht diesen mit &hellip;<\/p>\n","protected":false},"author":1,"featured_media":0,"parent":36,"menu_order":0,"comment_status":"open","ping_status":"open","template":"","meta":{"footnotes":""},"class_list":["post-59","page","type-page","status-publish","hentry"],"_links":{"self":[{"href":"https:\/\/hgw.bayern\/index.php?rest_route=\/wp\/v2\/pages\/59","targetHints":{"allow":["GET"]}}],"collection":[{"href":"https:\/\/hgw.bayern\/index.php?rest_route=\/wp\/v2\/pages"}],"about":[{"href":"https:\/\/hgw.bayern\/index.php?rest_route=\/wp\/v2\/types\/page"}],"author":[{"embeddable":true,"href":"https:\/\/hgw.bayern\/index.php?rest_route=\/wp\/v2\/users\/1"}],"replies":[{"embeddable":true,"href":"https:\/\/hgw.bayern\/index.php?rest_route=%2Fwp%2Fv2%2Fcomments&post=59"}],"version-history":[{"count":14,"href":"https:\/\/hgw.bayern\/index.php?rest_route=\/wp\/v2\/pages\/59\/revisions"}],"predecessor-version":[{"id":14669,"href":"https:\/\/hgw.bayern\/index.php?rest_route=\/wp\/v2\/pages\/59\/revisions\/14669"}],"up":[{"embeddable":true,"href":"https:\/\/hgw.bayern\/index.php?rest_route=\/wp\/v2\/pages\/36"}],"wp:attachment":[{"href":"https:\/\/hgw.bayern\/index.php?rest_route=%2Fwp%2Fv2%2Fmedia&parent=59"}],"curies":[{"name":"wp","href":"https:\/\/api.w.org\/{rel}","templated":true}]}}