{"id":9909,"date":"2018-03-22T08:22:34","date_gmt":"2018-03-22T08:22:34","guid":{"rendered":"http:\/\/hallertau-gymnasium.de\/hgw14\/?page_id=9909"},"modified":"2026-05-05T06:51:28","modified_gmt":"2026-05-05T06:51:28","slug":"schuleinschreibung","status":"publish","type":"page","link":"https:\/\/hgw.bayern\/?page_id=9909","title":{"rendered":"Schuleinschreibung"},"content":{"rendered":"<h3><strong>Herzlich willkommen zur Schuleinschreibung am HGW in vier Schritten!<\/strong><\/h3>\n<p><strong>1.<\/strong> Lesen Sie bitte zuerst die <span style=\"color: #0000ff;\"><a style=\"color: #0000ff;\" href=\"https:\/\/hgw.bayern\/wp-content\/uploads\/2026\/04\/2026-Anleitung-.pdf\"><strong><span style=\"text-decoration: underline;\">Anleitung<\/span><\/strong><\/a><strong>.<\/strong><\/span><\/p>\n<p><strong>2.<\/strong> Lesen Sie dann bitte folgende Informationen:<\/p>\n<ul>\n<li><span style=\"color: #0000ff;\"><span style=\"color: #000000;\">Die besonderen Eingangsklassen am HGW = Profilklassen<\/span> (<span style=\"text-decoration: underline;\"><a style=\"color: #0000ff; text-decoration: underline;\" href=\"https:\/\/hgw.bayern\/wp-content\/uploads\/2026\/04\/2026-Blaeser.pdf\">Bl\u00e4ser<\/a><\/span>, <span style=\"text-decoration: underline;\"><a style=\"color: #0000ff; text-decoration: underline;\" href=\"https:\/\/hgw.bayern\/wp-content\/uploads\/2026\/04\/2026-Forscher.pdf\">Forscher<\/a><\/span>, <span style=\"text-decoration: underline;\"><a style=\"color: #0000ff; text-decoration: underline;\" href=\"https:\/\/hgw.bayern\/wp-content\/uploads\/2026\/04\/2026-Sportler.pdf\">Sportler<\/a><\/span>)<\/span><\/li>\n<li><span style=\"color: #0000ff;\"><span style=\"color: #000000;\">Formular:<\/span> <span style=\"text-decoration: underline;\"><a style=\"color: #0000ff; text-decoration: underline;\" href=\"https:\/\/hgw.bayern\/wp-content\/uploads\/2026\/04\/2026-Formular-Zusaetzlicher-Ansprechpartner-im-Krankheitsfall-1.pdf\">Zus\u00e4tzlicher Ansprechpartner im Krankheitsfall<\/a><\/span><\/span><\/li>\n<li><span style=\"color: #0000ff;\"><span style=\"color: #000000;\">Anmeldung<\/span> <a style=\"color: #0000ff;\" href=\"https:\/\/hgw.bayern\/wp-content\/uploads\/2026\/04\/2026-Formular-und-Informationen-zum-Probeunterricht-well-.pdf\"><span style=\"text-decoration: underline;\">Probeunterricht<\/span><\/a> \u00a0<\/span><span style=\"font-size: 10pt; color: #000000;\">(nur f\u00fcr Kinder, denen von der Grundschule <strong><u>nicht<\/u><\/strong> die Eignung f\u00fcr den \u00dcbertritt an ein Gymnasium zuerkannt wurde)<\/span><\/li>\n<li><span style=\"text-decoration: underline; color: #0000ff;\"><a style=\"color: #0000ff; text-decoration: underline;\" href=\"https:\/\/hgw.bayern\/wp-content\/uploads\/2026\/05\/2026-OGS-InfoEntbindung.pdf\"><strong>O<\/strong>ffene <strong>G<\/strong>anz<strong>T<\/strong>ags<strong>S<\/strong>chule<\/a>\u00a0<\/span> <span style=\"color: #0000ff;\"><span style=\"color: #000000;\">(OGTS bzw. OGS, Betreuungsangebot am Nachmittag, Formular Entbindung Verschwiegenheitspflicht)<\/span><\/span><\/li>\n<li><span style=\"color: #000000;\">Nur f\u00fcr Kinder der Grundschulen Geisenfeld und Schweitenkirchen<\/span><br \/>\n<span style=\"color: #0000ff;\">(<span style=\"text-decoration: underline;\"><a style=\"color: #0000ff; text-decoration: underline;\" href=\"https:\/\/hgw.bayern\/wp-content\/uploads\/2026\/04\/2026-Informationen-GS-Geisenfeld-und-GS-Schweitenkirchen.pdf\">Information<\/a><\/span>, <span style=\"text-decoration: underline;\"><a style=\"color: #0000ff; text-decoration: underline;\" href=\"https:\/\/hgw.bayern\/wp-content\/uploads\/2026\/04\/2026-Formular-Geschwisterkind.pdf\">Formular Geschwisterkind<\/a><\/span>)<\/span><\/li>\n<li><span style=\"color: #0000ff;\"><a style=\"color: #0000ff;\" href=\"https:\/\/hgw.bayern\/wp-content\/uploads\/2026\/05\/2026-Formular-Wuensche-zur-Klassenbildung.pdf\"><span style=\"text-decoration: underline;\">Wunschformular zur Klassenbildung<\/span><\/a> <span style=\"color: #000000;\">(bestimmte Klassenkameraden)<\/span><\/span><\/li>\n<li><span style=\"color: #0000ff;\"><a style=\"color: #0000ff;\" href=\"https:\/\/hgw.bayern\/wp-content\/uploads\/2026\/04\/2026-Informationen-zum-Schuljahresbeginn-hell.pdf\"><span style=\"text-decoration: underline;\">Informationen zum Schuljahresbeginn<\/span><\/a><\/span><\/li>\n<li><span style=\"color: #0000ff;\"><span style=\"color: #000000;\">Informationen zur Kommunikationsplattform <\/span><a style=\"color: #0000ff;\" href=\"https:\/\/hgw.bayern\/wp-content\/uploads\/2026\/04\/2026-Informationen-zur-Kommunikationsplattform-\u201eWebUnits-.pdf\"><span style=\"text-decoration: underline;\">&#8222;WebUntis&#8220;<\/span><\/a><\/span><\/li>\n<li><span style=\"color: #0000ff;\"><a style=\"color: #0000ff;\" href=\"https:\/\/hgw.bayern\/wp-content\/uploads\/2026\/04\/2026-Information-Materialliste-fuer-Jahrgangsstufe-5-FBs.pdf\"><span style=\"text-decoration: underline;\">Materialliste f\u00fcr Jahrgangstufe 5<\/span><\/a><\/span><\/li>\n<li><a href=\"https:\/\/hgw.bayern\/wp-content\/uploads\/2026\/04\/2026-Informationen-zum-Infektionsschutz.pdf\"><span style=\"color: #0000ff;\"><span style=\"text-decoration: underline;\">Informationen zum Infektionsschutz<\/span><\/span><\/a><\/li>\n<li><span style=\"color: #0000ff;\">\u00a0<\/span><\/li>\n<\/ul>\n<p><strong>3.<\/strong> Gehen Sie zur <strong>Voranmeldung<\/strong> im Portal &#8222;Schulantrag Online&#8220; (roter Button unten) und f\u00fcllen Sie alle Formularseiten vollst\u00e4ndig aus. Am Ende schicken Sie diese ab und drucken sie zur Unterschrift und ggf. h\u00e4ndischen Erg\u00e4nzung aus.<\/p>\n<p><strong>4.<\/strong> Geben Sie alle erforderlichen Unterlagen zur Einschreibung (vgl. Anleitung) in einen DIN-A-4 Umschlag und schicken diesen per Post an:<\/p>\n<p style=\"padding-left: 90px;\"><strong>Hallertau-Gymnasium Wolnzach<\/strong><br \/>\n<strong> Anton-Dost-Stra\u00dfe 10<\/strong><br \/>\n<strong> 85283 Wolnzach<\/strong><\/p>\n<p>Sie k\u00f6nnen den Umschlag mit den Unterlagen nat\u00fcrlich auch direkt in den Briefkasten des HGW einwerfen.<\/p>\n<p>&nbsp;<\/p>\n<p style=\"text-align: center;\"><a style=\"background-color: #f44336; border: none; color: white; padding: 15px 32px; text-align: center; text-decoration: none; display: inline-block; font-size: 16px; font-family: 'Average Sans', Arial, Helvetica, sans-serif;\" href=\"https:\/\/www.schulantrag.de\/?sch=0973\">Zur Voranmeldung auf dem Portal: &#8222;Schulantrag Online&#8220;<\/a><\/p>\n","protected":false},"excerpt":{"rendered":"<p>Herzlich willkommen zur Schuleinschreibung am HGW in vier Schritten! 1. Lesen Sie bitte zuerst die Anleitung. 2. Lesen Sie dann bitte folgende Informationen: Die besonderen &hellip;<\/p>\n","protected":false},"author":1,"featured_media":0,"parent":0,"menu_order":0,"comment_status":"closed","ping_status":"closed","template":"","meta":{"footnotes":""},"class_list":["post-9909","page","type-page","status-publish","hentry"],"_links":{"self":[{"href":"https:\/\/hgw.bayern\/index.php?rest_route=\/wp\/v2\/pages\/9909","targetHints":{"allow":["GET"]}}],"collection":[{"href":"https:\/\/hgw.bayern\/index.php?rest_route=\/wp\/v2\/pages"}],"about":[{"href":"https:\/\/hgw.bayern\/index.php?rest_route=\/wp\/v2\/types\/page"}],"author":[{"embeddable":true,"href":"https:\/\/hgw.bayern\/index.php?rest_route=\/wp\/v2\/users\/1"}],"replies":[{"embeddable":true,"href":"https:\/\/hgw.bayern\/index.php?rest_route=%2Fwp%2Fv2%2Fcomments&post=9909"}],"version-history":[{"count":107,"href":"https:\/\/hgw.bayern\/index.php?rest_route=\/wp\/v2\/pages\/9909\/revisions"}],"predecessor-version":[{"id":20054,"href":"https:\/\/hgw.bayern\/index.php?rest_route=\/wp\/v2\/pages\/9909\/revisions\/20054"}],"wp:attachment":[{"href":"https:\/\/hgw.bayern\/index.php?rest_route=%2Fwp%2Fv2%2Fmedia&parent=9909"}],"curies":[{"name":"wp","href":"https:\/\/api.w.org\/{rel}","templated":true}]}}